. Suppose -16 = -6*v + f*v. Calculate the greatest common divisor of v and 4.
4
Suppose 0 = -10*g + 3*g + 98. Calculate the greatest common factor of g and 2.
2
Let g(f) = 6*f**2 + 4*f + 2. Let k be g(-2). Let t be (63/(-14))/(6/(-8)). Calculate the highest common divisor of k and t.
6
Let b(u) = -4*u - 20. Let f be b(-9). Calculate the greatest common divisor of f and 4.
4
Suppose 14 = k + 11. Let o(s) = s**2 + 2*s - 3. Let i be o(3). What is the greatest common divisor of k and i?
3
Let h = 2 - -3. What is the greatest common divisor of h and 1?
1
Let i = 72 - 27. What is the highest common divisor of 5 and i?
5
Let r = -5 + 12. Suppose -u = -4*c + 256, 3*u + 67 = c + 2*u. What is the greatest common divisor of c and r?
7
Suppose i + 2*i = 0. Let q(k) = -4*k + 4*k**2 + 2*k**3 - k**3 + i - 4. Let v be q(-4). What is the highest common factor of 2 and v?
2
Let v be (-328)/(-6) - (-2)/6. Let c = -26 + 56. Let k = c - 8. What is the greatest common divisor of k and v?
11
Let o(f) = -2*f + 4. Let k be o(-3). Let w(a) = 5*a**2. Let p be w(-4). Calculate the highest common factor of p and k.
10
Suppose -i = 3*y + 2, 4*y = 2*i + 3*i - 9. Let l = 2 - i. What is the greatest common factor of l and 1?
1
Let i = 92 + -13. Let c = i - -2. What is the greatest common divisor of 27 and c?
27
Suppose -3*d + 10 = -2*d. Suppose -5 = -2*p - n, d + 6 = 5*p - n. Suppose 3*m + 0*u = 3*u + 18, p*m - 17 = 4*u. What is the highest common factor of 14 and m?
7
Suppose 0*u = -5*u + 225. Let g(h) = h**2 + 6*h + 7. Let b be g(-5). Let l be (-1)/b - 33/(-6). What is the highest common factor of u and l?
5
Suppose 0 = -8*j + 6*j. Let z be 544/6 + (-2)/(-6). Let o = j + z. Calculate the greatest common factor of o and 13.
13
Let l be (-6)/18 + 338/6. What is the greatest common factor of l and 8?
8
Let k(v) = v + 7. Let g be k(-5). Suppose -4*x + t = g*t - 746, x - 191 = 2*t. What is the highest common divisor of x and 17?
17
Let z(c) = 22*c - 22. Let v(a) = -7*a + 7. Let k(d) = -16*v(d) - 5*z(d). Let h be k(2). Suppose -43 = -5*f + h. What is the greatest common factor of 45 and f?
9
Let x(j) = -4*j - 14. Let o be x(-14). Let b = -30 + 44. What is the greatest common factor of o and b?
14
Let u = 109 - 77. What is the highest common divisor of 8 and u?
8
Let k = 6 - 3. Suppose k*x = -2*x - 5. Let w be (-124)/(-8) - x/2. What is the highest common divisor of w and 32?
16
Let q = 14 - -17. Suppose -s + 3*a = q - 106, -2*s + 4*a = -154. Calculate the highest common divisor of 9 and s.
9
Suppose 2*v + 3*u = 157, -v - 3*v - 5*u + 315 = 0. Suppose 4*x - 112 = v. What is the highest common divisor of x and 12?
12
Let x = -4 + 9. Let t(w) = w**3 - 8*w**2 + 4*w - 1. Let r be t(8). Suppose g - r = -x*h, -3*h = -g - 3 + 2. What is the highest common factor of g and 11?
11
Let i(r) = r**2 - 6*r - 1. Let u be i(7). Let d(k) = -k**2 - 2*k - k + 9*k. Let c be d(3). What is the greatest common factor of c and u?
3
Let x = -7 - -11. Suppose r + b - 20 = -3*b, -x*r = -4*b - 60. Calculate the highest common factor of r and 32.
16
Let y = 100 + 44. What is the highest common divisor of 18 and y?
18
Let p(k) = 9*k - 24. Let y be p(8). Calculate the greatest common factor of 16 and y.
16
Suppose -n + 404 = 5*z, -4*z + 56 = 4*n - 264. Calculate the greatest common divisor of z and 27.
27
Suppose -25 + 9 = 4*j. Let a be (-69)/(-15) + j/(-10). Suppose -a*q + 3 = -2*q. What is the greatest common factor of 1 and q?
1
Let j = 146 - 137. Calculate the greatest common factor of 72 and j.
9
Let f be 188/8 + (-12)/(-8). Calculate the greatest common factor of 125 and f.
25
Suppose -4*z = 5*f - z - 25, -5*f + 2*z = 0. Suppose f*m - 16 = -3*d, 6 = d + m + 2. Calculate the greatest common factor of d and 88.
8
Let d(y) = -y**2 + 3*y + 1. Let x be d(4). Let r = 19 + x. What is the greatest common divisor of r and 112?
16
Let v(u) = -2*u. Let x be v(-2). What is the greatest common divisor of 1 and x?
1
Suppose 8 = -3*r + 35. What is the highest common divisor of r and 36?
9
Let y(j) = -j**2 + 3*j. Let u be y(6). Let i = 6 - u. Suppose -5*p = 0, 2*p + p - 48 = -2*w. Calculate the highest common factor of w and i.
24
Let w(l) = -2*l - 7. Let j be w(-4). Let p be 200/(-16)*(-3 - j). What is the greatest common divisor of p and 20?
10
Let a = 123 - 120. Let u = -1 - -1. Let o = a + u. Calculate the greatest common factor of 1 and o.
1
Let u be ((-240)/9)/(2/(-6)). Suppose -u = 6*v - v. Let k be ((-5)/10)/(1/v). What is the highest common divisor of 32 and k?
8
Suppose -4*g - y = -289, 3*g = -0*y - y + 217. What is the highest common factor of g and 9?
9
Let k(n) = 9*n + 6 - 9*n**2 - 3 - n**3 + 5. Let r be k(-10). What is the highest common factor of 126 and r?
18
Let y(a) = a**3 + 8*a**2 - 7*a + 24. Let h be y(-9). What is the greatest common divisor of 10 and h?
2
Let t(p) = -p**3 + 6*p**2 + 11. Let g be t(6). What is the greatest common divisor of 11 and g?
11
Suppose -8 = -2*n + 4*n, 56 = 2*s + 4*n. Calculate the highest common factor of 12 and s.
12
Let p(r) = 9*r + 23. Let c be p(-2). Let k = -18 + 7. Let i = 36 + k. Calculate the highest common divisor of i and c.
5
Let p = -4 - -8. Suppose c + 4 - 36 = -3*x, -p*x = 2*c - 44. Suppose 2*n - 166 = -66. Calculate the greatest common divisor of x and n.
10
Let d(s) = 3*s**2 + 2*s - 4. Let p be d(-4). Let k be (-2 - -20*1)*6. Let i be (k/42)/(2/14). What is the highest common divisor of p and i?
18
Let y(q) = -q**2 - 5*q - 4. Let p be y(-4). Let z be (p/(-1))/2 + 7. Let o(w) = w**2 - 1. Let v be o(z). Calculate the greatest common divisor of v and 6.
6
Let z(h) be the second derivative of h**5/20 + h**2/2 + h. Let m be z(1). Let x = 12 + m. Calculate the greatest common factor of 126 and x.
14
Let k be ((-10)/20)/((-3)/24). What is the greatest common divisor of 32 and k?
4
Suppose 3*v - 1 = -3*w + 5, -4*v + 14 = w. Suppose -v*y = -59 - 5. Suppose c - y = -c. What is the greatest common divisor of 32 and c?
8
Let p be 1*(-3 - -5)*23. Let u = p + -32. Calculate the greatest common factor of u and 126.
14
Suppose 4*l = 20 - 8. Let z = l + -1. Suppose -5*c - n + 253 = z*n, c + 5*n = 55. Calculate the greatest common divisor of 20 and c.
10
Let l be (-648)/30*(1 + -16). Calculate the highest common factor of 12 and l.
12
Let n be 18/(-117) - 472/(-26). Calculate the highest common divisor of 18 and n.
18
Suppose 15 + 113 = 4*w. What is the highest common divisor of w and 352?
32
Let f(q) = q**3 - 5*q**2 + q - 7. Let s be f(5). Let d(r) = 2 + 2 - 2 - 6*r - 2*r. Let m be d(s). What is the highest common divisor of 9 and m?
9
Let g(j) = -j**3 + 15*j**2 + 33*j + 22. Let s be g(17). Calculate the greatest common factor of 40 and s.
5
Suppose -s - 33 = -2*t, -s = 2 + 3. Suppose 10 + 4 = a. Calculate the highest common divisor of a and t.
14
Suppose -4*n + 6*n = 52. What is the highest common divisor of 13 and n?
13
Suppose w + 8 = 3*c, 0 = -c - 0*w + w. Suppose 0 = c*a - 6 - 34. Let b = -16 + 26. What is the highest common divisor of b and a?
10
Let o be ((-50)/1)/(2/(-2)). Let v(u) = 3*u - 11. Let l be v(7). What is the greatest common divisor of l and o?
10
Let l = -411 + 928. What is the highest common divisor of 47 and l?
47
Suppose -12 = 2*d - 2. Let r(x) = -x**3 - 6*x**2 - 6*x. Let y be r(d). Suppose y*j - 623 = 232. What is the greatest common factor of 19 and j?
19
Let s(x) = 33*x. Let t be s(3). Suppose -3*l + 284 = 4*v + 94, 2*v = -4*l + 260. Calculate the highest common factor of t and l.
33
Suppose 0 = -3*y + 7 - 1. Suppose -6 = -y*j - 2*x + 3*x, -4*x = j - 12. Suppose -5*v + 36 = -24. Calculate the greatest common factor of v and j.
4
Let u be -3 + 4 - 138/(-6). Calculate the greatest common divisor of 192 and u.
24
Let t be (-4)/(-5) + 436/5. Calculate the highest common factor of 11 and t.
11
Suppose -4*c - 2*i - 186 = 0, 83 = -4*c - 3*i - 102. Let f be 0/((-6)/(-3)) - c. Suppose f - 2 = 3*g. Calculate the greatest common divisor of g and 165.
15
Let y be -3 - (10*17)/2. Suppose g - n = 4*n - 42, -2*n = g + 70. Let x = g - y. What is the greatest common factor of 39 and x?
13
Suppose 0 = 2*o + 2*o - 128. Calculate the highest common divisor of 16 and o.
16
Let x be -5*(2/10 + 1). Let c = x + 4. Let m = c - -12. What is the highest common divisor of 